- 3. What is the units digit of j(q)?
5
Let p be ((-408)/(-18))/2*-18. Let u = 441 + p. What is the hundreds digit of u?
2
Suppose -11*i + 5*g = -9*i - 3714, 2*g - 3700 = -2*i. What is the tens digit of i?
5
What is the hundreds digit of (2 + -111)*275/(-25)?
1
Let i be 8/5 - (-40)/100. What is the tens digit of 348/6 + (i - -2)?
6
Suppose 2*f + 113 = 2*l + 1, 3*l = -f + 156. Let k = 261 - l. What is the hundreds digit of k?
2
Suppose h - 31 = 2*a, -59 = 4*a - h - 0*h. Let g(c) = -c**3 - 14*c**2 + c + 6. Let u be g(a). Let w = 8 - u. What is the units digit of w?
6
Let i(s) be the third derivative of -s**6/120 - s**5/60 - s**4/24 + 2*s**3 + 7*s**2. Let f(m) = m**2 - 2*m. Let p be f(2). What is the tens digit of i(p)?
1
Let y(s) = s**2 + 8*s + 44. Let a be y(0). Let i = -14 + a. What is the tens digit of i?
3
Let d(u) be the second derivative of -u**5/20 - 11*u**4/12 + u**3 + 2*u**2 + u. What is the tens digit of d(-12)?
7
Let s(r) = -9*r**2 - 6*r + 2. Let d be s(5). Let p = -165 - d. What is the units digit of p?
8
Suppose -4*v - 55 = v. Let q = 9 + v. What is the units digit of 21 - ((-4)/(-2) + q)?
1
Suppose 0 = -3*w + f - 23, -4*w - 28 = -f + 2. What is the hundreds digit of w - -2*12/8 - -171?
1
Suppose d = 4*v + 3*d, -3*d = 0. Suppose v*z + 2*z = 70. Suppose -4*a + z = a. What is the units digit of a?
7
Let n(c) = -c**3 - 7*c**2 - 7*c - 4. Let i be n(-6). Suppose i*w - 203 = 205. What is the tens digit of w?
0
Let r be 60/18*(18/(-5))/(-3). Suppose -3*f = -2*f - 3*a - 29, 5*f = r*a + 134. What is the tens digit of f?
2
Let p(y) = -y**3 - 19*y**2 - y - 4. Let o be p(-19). What is the units digit of 12/5 + (-6)/o?
2
Let o be (-223 + -3)*4/(-8). Let p = o - 90. What is the tens digit of p?
2
Let y be ((-6)/3 - 0) + 22. Let k = y + -12. Suppose -k*l + 220 = -3*l. What is the units digit of l?
4
Let t(w) = -3 + 2*w - 12*w**2 - 12*w - w**3 - 7 - 2. Let p be t(-10). What is the tens digit of p/6*(-270)/105?
4
Let s(v) = -20*v + 12. Let r be (-34)/5 + 8/10. Let c be s(r). Suppose -5*p + c = -p. What is the units digit of p?
3
Suppose 2*b - 914 - 2134 = 0. What is the units digit of b?
4
Suppose 4 = y + 3*l + l, 0 = 2*y - 5*l + 5. Let t(i) = 21 + 11*i + 5*i - 17*i. What is the units digit of t(y)?
1
Suppose -8504 = -3*d + 4*c, 3*c = 4*d + 6859 - 18200. What is the hundreds digit of d?
8
Let x be 58*21*(4 + -5). What is the units digit of (x/(-9))/7*3?
8
Let z be 2/(-2) - 0 - -4. Suppose 5*a = 2*i + 28 - 350, 0 = z*i - 5*a - 493. Suppose 5*v - i = 59. What is the units digit of v?
6
Let i = 1821 - 1073. What is the units digit of i?
8
Let n = 4 + 5. Suppose 3*j + n = 0, -4*u - 70 = 2*j - 588. Suppose -3*g - 3*m = m - u, 2*g + 3*m - 89 = 0. What is the tens digit of g?
3
Suppose 5*o - 5*u = 55, -19 - 8 = -2*o + u. Let v = o + 2. Suppose 3*s = -0*s + v. What is the units digit of s?
6
Let s(p) = -373*p**3 - 5*p**2 - 4*p + 3. What is the thousands digit of s(-2)?
2
Let u = -1257 - -2022. What is the hundreds digit of u?
7
Let m = 1218 - 19. What is the tens digit of m?
9
Let t(c) = 2038*c + 48. What is the hundreds digit of t(1)?
0
Let s = 9 + 6. Let y be ((-6)/15)/((-3)/s). Suppose 2*m + 0*m = 3*v + 53, 2*v = y*m - 56. What is the units digit of m?
1
Suppose 18 + 30 = 12*v. Let d be 2/((-6)/(-405)) + 1. Suppose -v*x + d = 24. What is the units digit of x?
8
Let s(d) = d - 1. Let n(w) = -3*w - 6. Let q be (-3)/(15/(-4))*-5. Let v be n(q). What is the units digit of s(v)?
5
What is the units digit of (5 - (2 + -2))/((-20)/(-8))?
2
Suppose -o - 40 = o. Let x be (6 - 1) + -2 - -7. What is the tens digit of 4/o + 432/x?
4
Let y = 8 + -5. Suppose -y = 6*a + 9. What is the units digit of ((-3)/a)/(12/296)?
7
Suppose -4*y + 242 = 2*z, y + z = 4*z + 64. Let j = 33 + y. What is the tens digit of j?
9
Suppose -59 = 5*z - j, 3*z = z + 3*j - 21. Let y = z - 21. What is the units digit of (-7)/(7/2) - y?
1
Suppose -5*t - 877 = -8*t - g, 3*g = -t + 295. What is the hundreds digit of t?
2
Suppose 8*r = 4*r. Let u = -135 + 198. Suppose r = -3*z - 3*w + 202 + 5, 2*w = z - u. What is the tens digit of z?
6
Suppose 0 = 2*w + 3*p - 26 + 3, -4*p + 28 = 2*w. Suppose 0 = -8*d + w*d + 288. What is the tens digit of d?
7
Suppose 4*h = 2*j + 4 + 6, -j = -5*h + 14. Suppose -9*s = 12 + 15. What is the units digit of j - (-6 - s) - 1?
3
Suppose -10*j + 21 = -11*j. Let u be (140/j)/((-2)/186). What is the units digit of u/50 - 3/(-5)?
3
Suppose -o - o - 91 = -5*n, 5*o + 285 = n. Let c = o - -118. Suppose 2*l = -12 + c. What is the units digit of l?
4
Let d(b) = -b**2 + 8*b - 8. Suppose -5*t = -5*y - 50, 5*y + 34 = 3*t - 4. Let o be d(t). Suppose 32 = o*c - 24. What is the units digit of c?
4
Suppose 4*y = d - 164, 2*y - y + 4*d + 24 = 0. Let l be (y/15)/((-2)/(-6)). Let f(o) = -o**2 - 8*o + 10. What is the units digit of f(l)?
0
What is the hundreds digit of (-101630)/(-55) - 8/(-44)?
8
Suppose 206 = 4*b - 206. What is the hundreds digit of b?
1
Suppose 0 = 2*x + u - 2*u - 13, 4*u + 36 = 4*x. Suppose 0*i + x*i = 0. Suppose -3*z + 4*a + 24 = 0, 3*a + i*a - 7 = -4*z. What is the units digit of z?
4
Let k be -8*1/6*(2 + 1). What is the tens digit of (-6)/k*((-876)/(-9) + 0)?
4
Let a(x) = -x**3 + 10*x**2 + 12*x - 11. Let t be a(11). Suppose 3*l - 12 = 0, -3*k + t*k + 414 = -3*l. What is the units digit of k?
2
Suppose j + 31 = 3*a, 0 = -4*a - 3*j + 45 - 8. Let m(t) = 7*t + 14. Let r be m(a). What is the units digit of -3*(-7)/(r/8)?
2
Let v(y) = 20*y + 2. Let a be v(2). Suppose 3*f = a + 60. What is the units digit of f?
4
Let g(x) = -9*x + 14. Suppose 5*v = 10*v + 30. What is the tens digit of g(v)?
6
What is the hundreds digit of (-4)/36 + 22216/36?
6
Let h(l) = -3*l**3 + 11*l**2 - 10*l - 10. Let o(t) = -t**3 - t - 1. Let a(d) = -h(d) + 2*o(d). What is the tens digit of a(12)?
4
Let r = -9 + 10. Let l(w) = 62*w. Let y be l(r). Suppose 0 = -5*k - 7 + y. What is the tens digit of k?
1
Suppose -4*j = -7 - 1. Suppose r - 5 - j = 0. What is the units digit of r?
7
Let p = 41 - 29. Suppose -4*r - p = -152. What is the units digit of r?
5
Let l be -1*(-4)/(-8)*38. What is the hundreds digit of 4 + -1 + (83 - l)?
1
Let o(p) be the second derivative of -2*p**5/5 - p**4/6 - p**3/3 - p**2/2 + 4*p. Let a be 2*(15/6)/(-5). What is the units digit of o(a)?
7
Let j(y) = 803*y**2 + 2*y - 2. Let w be j(1). Suppose -6*k + w - 137 = 0. What is the units digit of k?
1
Suppose -2*v = -v - g - 171, -2*g - 678 = -4*v. Let a = -79 + v. What is the tens digit of a?
8
Let x = 19 + -13. Suppose -x*n + 96 = -3*n. Suppose 4*i + 4*w - 2*w = n, -i = w - 10. What is the units digit of i?
6
Suppose 0 = 2*l + 4 - 0. Let n(r) = 2*r**2 - 2*r - 1. What is the tens digit of n(l)?
1
What is the hundreds digit of (1526/(-7))/((-7)/7)?
2
Let z be 3/15 + 36/20. What is the tens digit of 225 - (0 - z)/(-1)?
2
Suppose -4*k - j - 1543 + 6331 = 0, 5*k - 3*j = 6002. What is the tens digit of k?
9
Let c be 1*(4 + 3 + 2). Let d(b) = -2*b + 30. What is the units digit of d(c)?
2
Let r(d) = 22*d**2 + 6. What is the tens digit of r(-6)?
9
Let f(q) = -q**3 - 13*q**2 + 4. Suppose r = 3*w + 3*r + 36, -2*w + 5*r = 43. What is the tens digit of f(w)?
0
Let w(j) = 7*j**2 - 32*j + 36. What is the hundreds digit of w(-6)?
4
Suppose 3*u - 5*d + 3*d + 326 = 0, 3*u + 3*d + 336 = 0. Let y = u + 163. Let w = 84 - y. What is the units digit of w?
1
Let m(s) = 468*s**3 + 50*s - 98. What is the tens digit of m(2)?
4
Let y be 2254/10 + (-3)/(-5). Let s = y - 161. What is the units digit of s?
5
Let j(q) = q**3 - 4*q**2 + 2*q - 4. What is the tens digit of j(7)?
5
Let r(f) = -5*f**3 - f**2 + 2*f - 5. Let i(p) = -7*p**3 - 2*p**2 + 3*p - 8. Let j(o) = 5*i(o) - 8*r(o). What is the units digit of j(3)?
4
Suppose -96 = -2*x - 0*x. Suppose -7*v + 50 = -x. Suppose -5*z + 269 - v = 0. What is the units digit of z?
1
Suppose v = 4*p - 2*v + 3, -3*p + 3*v = 6. Suppose -4*y = -p*s - 14 - 39, 3*y = 3*s + 39. Suppose 5*q - y - 51 = 0. What is the tens digit of q?
1
Let k(f) = f**2 + 14*f + 17. Let g be k(-13). Suppose -106 - 162 = -g*a. What is the tens digit of a?
6
Let u = 5898 - 3793. What is the tens digit of u?
0
Let w be (-78)/(-15) - (-4)/(-20). Suppose -w*q - 61 = -i, 2*i + 71 = 3*i + 5*q. Let m = i + -27. What is the tens digit of m?
3
Suppose 0 = -4